ors of 7024?
2, 439
What are the prime factors of 11884?
2, 2971
What are the prime factors of 93?
3, 31
What are the prime factors of 2362?
2, 1181
What are the prime factors of 8085?
3, 5, 7, 11
List the prime factors of 45949.
45949
List the prime factors of 13602.
2, 3, 2267
What are the prime factors of 12842?
2, 6421
What are the prime factors of 80345?
5, 16069
What are the prime factors of 3216?
2, 3, 67
What are the prime factors of 12824?
2, 7, 229
What are the prime factors of 160585?
5, 32117
What are the prime factors of 17686?
2, 37, 239
List the prime factors of 12480.
2, 3, 5, 13
List the prime factors of 19735.
5, 3947
List the prime factors of 2370.
2, 3, 5, 79
List the prime factors of 3428.
2, 857
What are the prime factors of 1044?
2, 3, 29
List the prime factors of 2174.
2, 1087
List the prime factors of 2112.
2, 3, 11
List the prime factors of 46586.
2, 23293
List the prime factors of 26190.
2, 3, 5, 97
List the prime factors of 75146.
2, 37573
List the prime factors of 2622.
2, 3, 19, 23
List the prime factors of 51971.
51971
What are the prime factors of 1602?
2, 3, 89
List the prime factors of 1051.
1051
What are the prime factors of 3235?
5, 647
List the prime factors of 1739.
37, 47
What are the prime factors of 2496?
2, 3, 13
What are the prime factors of 177?
3, 59
List the prime factors of 753.
3, 251
List the prime factors of 64569.
3, 21523
What are the prime factors of 1144?
2, 11, 13
List the prime factors of 13538.
2, 7, 967
What are the prime factors of 5374?
2, 2687
List the prime factors of 1284.
2, 3, 107
List the prime factors of 4.
2
What are the prime factors of 77558?
2, 13, 19, 157
What are the prime factors of 1473?
3, 491
What are the prime factors of 567?
3, 7
What are the prime factors of 820?
2, 5, 41
List the prime factors of 11839.
11839
What are the prime factors of 1157?
13, 89
List the prime factors of 835.
5, 167
List the prime factors of 191064.
2, 3, 19, 419
What are the prime factors of 16185?
3, 5, 13, 83
What are the prime factors of 25501?
7, 3643
What are the prime factors of 76732?
2, 19183
What are the prime factors of 904?
2, 113
List the prime factors of 4468.
2, 1117
List the prime factors of 3443.
11, 313
List the prime factors of 4109.
7, 587
List the prime factors of 9448.
2, 1181
List the prime factors of 930.
2, 3, 5, 31
List the prime factors of 1344.
2, 3, 7
What are the prime factors of 710?
2, 5, 71
List the prime factors of 3215.
5, 643
List the prime factors of 955.
5, 191
List the prime factors of 5152.
2, 7, 23
What are the prime factors of 148615?
5, 29723
List the prime factors of 889.
7, 127
List the prime factors of 32078.
2, 43, 373
List the prime factors of 29693.
23, 1291
List the prime factors of 24599.
17, 1447
List the prime factors of 17285.
5, 3457
List the prime factors of 7673.
7673
What are the prime factors of 3007?
31, 97
What are the prime factors of 9664?
2, 151
List the prime factors of 520.
2, 5, 13
List the prime factors of 87827.
71, 1237
What are the prime factors of 29159?
13, 2243
List the prime factors of 3396.
2, 3, 283
What are the prime factors of 2307?
3, 769
What are the prime factors of 21811?
17, 1283
List the prime factors of 569.
569
List the prime factors of 10048.
2, 157
What are the prime factors of 62218?
2, 13, 2393
What are the prime factors of 15?
3, 5
List the prime factors of 19937.
19937
What are the prime factors of 10817?
29, 373
What are the prime factors of 3206?
2, 7, 229
List the prime factors of 3667.
19, 193
List the prime factors of 517.
11, 47
List the prime factors of 1217.
1217
What are the prime factors of 37760?
2, 5, 59
What are the prime factors of 2702?
2, 7, 193
List the prime factors of 22048.
2, 13, 53
What are the prime factors of 8587?
31, 277
List the prime factors of 31839.
3, 10613
List the prime factors of 45529.
11, 4139
What are the prime factors of 27703?
13, 2131
List the prime factors of 1130.
2, 5, 113
What are the prime factors of 994?
2, 7, 71
What are the prime factors of 13070?
2, 5, 1307
List the prime factors of 2639.
7, 13, 29
List the prime factors of 2629.
11, 239
List the prime factors of 9969.
3, 3323
List the prime factors of 839.
839
What are the prime factors of 185308?
2, 46327
List the prime factors of 3087.
3, 7
List the prime factors of 3953.
59, 67
List the prime factors of 1051.
1051
List the prime factors of 811.
811
List the prime factors of 9347.
13, 719
What are the prime factors of 65628?
2, 3, 1823
What are the prime factors of 746?
2, 373
What are the prime factors of 5527?
5527
What are the prime factors of 353?
353
What are the prime factors of 640?
2, 5
List the prime factors of 1223.
1223
What are the prime factors of 19767?
3, 11, 599
What are the prime factors of 712?
2, 89
List the prime factors of 1127.
7, 23
What are the prime factors of 14992?
2, 937
List the prime factors of 4524.
2, 3, 13, 29
What are the prime factors of 10690?
2, 5, 1069
List the prime factors of 897.
3, 13, 23
What are the prime factors of 2568?
2, 3, 107
List the prime factors of 46115.
5, 23, 401
List the prime factors of 158282.
2, 29, 2729
List the prime factors of 1961.
37, 53
List the prime factors of 86465.
5, 17293
What are the prime factors of 13835?
5, 2767
What are the prime factors of 29695?
5, 5939
What are the prime factors of 1892?
2, 11, 43
What are the prime factors of 3021?
3, 19, 53
What are the prime factors of 729?
3
What are the prime factors of 36169?
7, 5167
List the prime factors of 2509.
13, 193
List the prime factors of 239.
239
What are the prime factors of 7327?
17, 431
List the prime factors of 122073.
3, 7, 5813
What are the prime factors of 971?
971
What are the prime factors of 997?
997
What are the prime factors of 816?
2, 3, 17
List the prime factors of 6907.
6907
What are the prime factors of 3484?
2, 13, 67
List the prime factors of 72666.
2, 3, 11, 367
What are the prime factors of 6314?
2, 7, 11, 41
List the prime factors of 14539.
7, 31, 67
List the prime factors of 18630.
2, 3, 5, 23
List the prime factors of 931.
7, 19
What are the prime factors of 1537?
29, 53
List the prime factors of 73114.
2, 139, 263
List the prime factors of 23054.
2, 11527
What are the prime factors of 2265?
3, 5, 151
List the prime factors of 1563.
3, 521
What are the prime factors of 10845?
3, 5, 241
List the prime factors of 45318.
2, 3, 7, 13, 83
What are the prime factors of 2777?
2777
What are the prime factors of 19919?
19919
List the prime factors of 30435.
3, 5, 2029
List the prime factors of 5304.
2, 3, 13, 17
What are the prime factors of 3252?
2, 3, 271
List the prime factors of 553.
7, 79
List the prime factors of 2109.
3, 19, 37
List the prime factors of 1246.
2, 7, 89
List the prime factors of 15959.
15959
What are the prime factors of 1325?
5, 53
What are the prime factors of 1078?
2, 7, 11
What are the prime factors of 36?
2, 3
What are the prime factors of 5082?
2, 3, 7, 11
List the prime factors of 10478.
2, 13, 31
List the prime factors of 8620.
2, 5, 431
What are the prime factors of 2395?
5, 479
List the prime factors of 34157.
34157
List the prime factors of 8942.
2, 17, 263
List the prime factors of 7833.
3, 7, 373
What are the prime factors of 63507?
3, 21169
List the prime factors of 365.
5, 73
What are the prime factors of 9538?
2, 19, 251
What are the prime factors of 7995?
3, 5, 13, 41
List the prime factors of 175780.
2, 5, 11, 17, 47
List the prime factors of 680.
2, 5, 17
What are the prime factors of 7458?
2, 3, 11, 113
List the prime factors of 91701.
3, 23, 443
List the prime factors of 66603.
3, 149
List the prime factors of 89449.
89449
What are the prime factors of 1062?
2, 3, 59
List the prime factors of 27891.
3, 1033
List the prime factors of 1187.
1187
List the prime factors of 4307.
59, 73
List the prime factors of 1749.
3, 11, 53
What are the prime factors of 387?
3, 43
List the prime factors of 72696.
2, 3, 13, 233
List the prime factors of 8344.
2, 7, 149
List the prime factors of 387.
3, 43
List the prime factors of 649.
11, 59
List the prime factors of 2861.
2861
List the prime factors of 30611.
7, 4373
What are the prime factors of 1345?
5, 269
List the prime factors of 2247.
3, 7, 107
What are the prime factors